divided by 54?
1
Calculate the remainder when 731 is divided by 240.
11
What is the remainder when 234 is divided by 85?
64
What is the remainder when 1630 is divided by 813?
4
Calculate the remainder when 209 is divided by 15.
14
What is the remainder when 225 is divided by 10?
5
Calculate the remainder when 2781 is divided by 6.
3
What is the remainder when 79 is divided by 33?
13
What is the remainder when 4541 is divided by 8?
5
Calculate the remainder when 163 is divided by 102.
61
Calculate the remainder when 3540 is divided by 97.
48
Calculate the remainder when 4403 is divided by 276.
263
What is the remainder when 10411 is divided by 76?
75
Calculate the remainder when 93 is divided by 61.
32
Calculate the remainder when 106 is divided by 55.
51
What is the remainder when 649 is divided by 17?
3
Calculate the remainder when 913 is divided by 443.
27
Calculate the remainder when 119 is divided by 25.
19
Calculate the remainder when 282 is divided by 15.
12
What is the remainder when 45 is divided by 16?
13
What is the remainder when 1028 is divided by 126?
20
Calculate the remainder when 5127 is divided by 38.
35
Calculate the remainder when 1762 is divided by 29.
22
What is the remainder when 570 is divided by 144?
138
What is the remainder when 162 is divided by 87?
75
What is the remainder when 131 is divided by 14?
5
What is the remainder when 7 is divided by 4?
3
Calculate the remainder when 4199 is divided by 42.
41
Calculate the remainder when 190 is divided by 13.
8
Calculate the remainder when 989 is divided by 124.
121
Calculate the remainder when 123 is divided by 33.
24
What is the remainder when 38 is divided by 8?
6
What is the remainder when 104 is divided by 65?
39
Calculate the remainder when 3304 is divided by 232.
56
Calculate the remainder when 57 is divided by 31.
26
What is the remainder when 2046 is divided by 16?
14
What is the remainder when 3027 is divided by 15?
12
Calculate the remainder when 107 is divided by 60.
47
Calculate the remainder when 423 is divided by 161.
101
Calculate the remainder when 2725 is divided by 248.
245
What is the remainder when 120 is divided by 27?
12
Calculate the remainder when 3643 is divided by 1211.
10
Calculate the remainder when 1951 is divided by 279.
277
Calculate the remainder when 318 is divided by 80.
78
What is the remainder when 857 is divided by 50?
7
Calculate the remainder when 2695 is divided by 332.
39
Calculate the remainder when 145 is divided by 15.
10
Calculate the remainder when 204 is divided by 14.
8
Calculate the remainder when 4975 is divided by 991.
20
What is the remainder when 195 is divided by 20?
15
Calculate the remainder when 508 is divided by 100.
8
What is the remainder when 1247 is divided by 50?
47
What is the remainder when 959 is divided by 9?
5
Calculate the remainder when 771 is divided by 4.
3
What is the remainder when 6072 is divided by 31?
27
What is the remainder when 260 is divided by 138?
122
Calculate the remainder when 1601 is divided by 100.
1
Calculate the remainder when 3039 is divided by 219.
192
What is the remainder when 219 is divided by 56?
51
What is the remainder when 632 is divided by 145?
52
Calculate the remainder when 843 is divided by 67.
39
What is the remainder when 46 is divided by 4?
2
What is the remainder when 79 is divided by 41?
38
What is the remainder when 62 is divided by 20?
2
What is the remainder when 419 is divided by 24?
11
Calculate the remainder when 48 is divided by 10.
8
Calculate the remainder when 701 is divided by 22.
19
What is the remainder when 3956 is divided by 3?
2
What is the remainder when 136 is divided by 20?
16
Calculate the remainder when 9293 is divided by 83.
80
What is the remainder when 908 is divided by 286?
50
What is the remainder when 1021 is divided by 245?
41
Calculate the remainder when 12861 is divided by 109.
108
Calculate the remainder when 415 is divided by 106.
97
What is the remainder when 389 is divided by 78?
77
Calculate the remainder when 5042 is divided by 41.
40
Calculate the remainder when 850 is divided by 12.
10
Calculate the remainder when 3082 is divided by 26.
14
What is the remainder when 4709 is divided by 30?
29
What is the remainder when 419 is divided by 14?
13
Calculate the remainder when 112 is divided by 13.
8
Calculate the remainder when 20905 is divided by 102.
97
What is the remainder when 738 is divided by 13?
10
What is the remainder when 3677 is divided by 46?
43
What is the remainder when 985 is divided by 32?
25
Calculate the remainder when 214 is divided by 104.
6
What is the remainder when 8 is divided by 3?
2
What is the remainder when 526 is divided by 33?
31
What is the remainder when 31108 is divided by 183?
181
Calculate the remainder when 345 is divided by 137.
71
What is the remainder when 208 is divided by 96?
16
What is the remainder when 129 is divided by 42?
3
What is the remainder when 735 is divided by 16?
15
Calculate the remainder when 73 is divided by 25.
23
Calculate the remainder when 133 is divided by 35.
28
What is the remainder when 6005 is divided by 91?
90
Calculate the remainder when 161 is divided by 88.
73
What is the remainder when 23 is divided by 10?
3
What is the remainder when 122 is divided by 67?
55
Calculate the remainder when 333 is divided by 30.
3
Calculate the remainder when 2078 is divided by 77.
76
Calculate the remainder when 462 is divided by 176.
110
What is the remainder when 64 is divided by 24?
16
Calculate the remainder when 426 is divided by 145.
136
Calculate the remainder when 431 is divided by 73.
66
Calculate the remainder when 106 is divided by 27.
25
Calculate the remainder when 458 is divided by 42.
38
Calculate the remainder when 449 is divided by 97.
61
Calculate the remainder when 240 is divided by 65.
45
Calculate the remainder when 187 is divided by 29.
13
Calculate the remainder when 1457 is divided by 297.
269
Calculate the remainder when 311 is divided by 308.
3
What is the remainder when 65 is divided by 24?
17
What is the remainder when 357 is divided by 52?
45
What is the remainder when 1539 is divided by 1515?
24
Calculate the remainder when 4369 is divided by 230.
229
Calculate the remainder when 10828 is divided by 172.
164
Calculate the remainder when 904 is divided by 229.
217
What is the remainder when 1005 is divided by 14?
11
What is the remainder when 55 is divided by 10?
5
What is the remainder when 1297 is divided by 59?
58
What is the remainder when 437 is divided by 143?
8
What is the remainder when 35789 is divided by 16?
13
Calculate the remainder when 77 is divided by 45.
32
Calculate the remainder when 197 is divided by 63.
8
What is the remainder when 175 is divided by 64?
47
What is the remainder when 46399 is divided by 29?
28
What is the remainder when 255 is divided by 86?
83
Calculate the remainder when 652 is divided by 44.
36
What is the remainder when 98 is divided by 35?
28
Calculate the remainder when 192 is divided by 20.
12
Calculate the remainder when 1547 is divided by 193.
3
Calculate the remainder when 687 is divided by 30.
27
Calculate the remainder when 506 is divided by 73.
68
What is the remainder when 226 is divided by 24?
10
Calculate the remainder when 9277 is divided by 160.
157
Calculate the remainder when 822 is divided by 55.
52
Calculate the remainder when 140 is divided by 12.
8
Calculate the remainder when 13330 is divided by 4440.
10
Calculate the remainder when 10514 is divided by 44.
42
Calculate the remainder when 350 is divided by 118.
114
Calculate the remainder when 18323 is divided by 123.
119
Calculate the remainder when 1920 is divided by 429.
204
Calculate the remainder when 748 is divided by 126.
118
What is the remainder when 598 is divided by 20?
18
Calculate the remainder when 93 is divided by 17.
8
What is the remainder when 74 is divided by 17?
6
Calculate the remainder when 6437 is divided by 174.
173
What is the remainder when 328 is divided by 19?
5
What is the remainder when 164 is divided by 153?
11
What is the remainder when 9084 is divided by 13?
10
What is the remainder when 1516 is divided by 253?
251
What is the remainder when 37 is divided by 22?
15
Calculate the remainder when 771 is divid